g*n + 21 + 9. Let z(o) = -o**3 + 5*o**2 + 6*o. What is z(n)?
0
Let s be 2*-2*25/20. Let m be ((-8)/s)/(2/5). Let v(x) = -x**3 + 4*x**2 - 2*x + 1. What is v(m)?
-7
Let x(r) = -1 + r + 2 - 2. Let o(s) = -s + 7. Let k(p) = 4*p - 20. Let v(g) = -2*k(g) - 7*o(g). Let t be v(-7). Give x(t).
-3
Let r = -3 - -6. Suppose -r*d - 12 = d. Let t = d - -3. Let i(q) = q + 9. What is i(t)?
9
Suppose -2*r = m + 4, -m - 1 = -3*r - 6*m. Let j(x) = -3*x**2 - x + 4*x**2 + 3*x. What is j(r)?
3
Let c(h) = h**2 - 6*h + 5. Let y = -3 + 2. Let a = y - -5. Let l be c(a). Let t(s) = s**3 + 4*s**2 + 2*s + 2. Calculate t(l).
5
Let s(q) be the first derivative of -q + 3 + 6*q**2 - 2 - 2*q**2. Suppose -3 + 2 = -v. Calculate s(v).
7
Let p(q) be the third derivative of q**6/120 - 7*q**5/60 - q**4/12 + 7*q**3/6 - q**2. Give p(7).
-7
Let u(h) = h. Let c be u(-5). Let g(k) = k**2 - 2*k - 7. Determine g(c).
28
Let r(w) = 0 - 4*w + 2*w - 1 - 4*w**2. Let d(m) = -m + 8. Let x be d(9). Determine r(x).
-3
Let k(x) = 7*x**2 - 17*x - 1. Let d(o) = -o**2 + 3*o + 3. Let w be d(3). Let p(a) = -4*a**2 + 9*a + 1. Let b(j) = w*k(j) + 5*p(j). Calculate b(4).
-6
Let d(y) = -10*y**2 - 2*y - 1. Let m = 17 - 18. Calculate d(m).
-9
Let l(r) = 1. Let b(g) = -g**2 + 4*g + 1. Let p(h) = -b(h) - 6*l(h). Let w = -1 - -6. Let m be p(w). Let c(k) = -k**2 - 2*k - 2. What is c(m)?
-2
Let t = -9 + 30. Let x = 15 - t. Let s(d) = 5 + 5 + 317*d - 316*d. Give s(x).
4
Suppose -3*p + 0*i - 4*i = -28, 3*p = 3*i. Let f(w) = -6 + p + 0 + 2*w. Calculate f(-3).
-8
Suppose 2 + 28 = 5*t. Let q be 20/t - (-2)/(-6). Let c(a) = a**3 - q*a + 3 + 0*a - 2*a**3 + a**2. What is c(2)?
-7
Let x(p) = -3*p**2 + 6*p. Let s(h) = -7*h**2 + 12*h + 1. Let w(v) = -2*s(v) + 5*x(v). Give w(4).
6
Let w(n) = -4*n + 2. Suppose 3*m = -0*y - 2*y + 19, 13 = 3*m - y. Suppose 0*c - c = -m. Suppose c*f + 5*s + 5 = 40, f + 5*s - 27 = 0. What is w(f)?
-6
Let r(f) = -f**2 + 7*f - 5. Suppose -3*k + 15 = n - 5*n, -4*n = 0. What is r(k)?
5
Let t(r) = r**2 - 6*r - 5. Let u be t(6). Let z = u - -12. Let b(j) = 2*j**2 + z + 2 - 2*j - 5 - j**2. Give b(3).
7
Let r(s) = -2*s**3 - s**2 + s - 3. Let p(c) = c**3 + 2*c**2 + 2. Let j(d) = 3*p(d) + 2*r(d). Let f = 3 - -1. Determine j(f).
8
Let n = 23 + -21. Suppose -4*h - 2 = -4*f - 14, 4*f + 16 = n*h. Let j(t) = t**2 - t. Give j(h).
6
Suppose j = 2*q + 3 + 5, 12 = -3*q + 4*j. Suppose f + x = -4*f - 126, 21 = -f + 4*x. Let z be 5/f + q/5. Let p(w) = -6*w**3 + w**2 + w. Give p(z).
6
Let i(u) = -2*u + 2. Suppose -a - 1 = y + y, 4*y = -8. Calculate i(a).
-4
Let o = 1 - 0. Let y(c) = c**2 + 2*c - 1. Let j be y(o). Let g(a) be the third derivative of a**4/24 + a**3/3 + a**2. What is g(j)?
4
Suppose 0*w - 9 = -9*w. Let p(b) = -4*b**2 + 3*b - 3. Let r(f) = -4*f**2 + 2*f - 2. Let z(x) = -2*p(x) + 3*r(x). Give z(w).
-4
Let z(b) = -b - 6. Let t(h) = h**3 - 12*h**2 + 20*h - 7. Let g be t(10). Determine z(g).
1
Let h(v) = v**3 - 7*v**2 - v + 7. Let a = 13 + -6. Calculate h(a).
0
Let j(s) = -s + 6. Suppose n - 2*n = -7. Let i be j(n). Let q = 2 - i. Let f(c) = -c**2 + 2*c - 1. Calculate f(q).
-4
Let q(b) = -7*b**2 - 4*b + 7. Let s(x) = -6 + 4*x + 4*x**2 + 4*x**2 - 2*x**2. Let p(g) = -4*q(g) - 5*s(g). Determine p(-4).
-14
Let n(u) = -u**2 - 7*u - 4. Let q(f) = 2*f**2 + 15*f + 9. Let z(l) = -13*n(l) - 6*q(l). What is z(-4)?
10
Let n(h) = 2*h - h + 3 - 2. Let z(w) = w**3 + 5*w**2 + 3*w - 1. Suppose 4*l = 4*p + 36, 0 = -5*p - 0*l + 2*l - 30. Let a be z(p). Calculate n(a).
4
Suppose 0 = -8*w - 4 - 4. Let z(u) = 5*u**2 + 1. Give z(w).
6
Let j(z) = 3 - 6*z**2 - 14*z**3 - 6*z**3 + 19*z**3 + 7*z. Calculate j(-7).
3
Let m(n) = 2*n**2 - 4*n. Let b = -5 + 7. Suppose 5*w + b*y - 20 = 0, 4*y = 7*y - 15. Let g be 4 + (w - 0 - 3). Give m(g).
6
Let s(p) = -3*p**2 - 20*p - 14. Let t(l) = -l**2 - 7*l - 5. Let o(n) = 6*s(n) - 17*t(n). Calculate o(0).
1
Let f(w) = -2*w**2 - w + 1. Let p(u) = u**3 - 2*u**2 - 17*u - 2. Let b(d) = 6*f(d) - p(d). What is b(-11)?
8
Let i be (7/28)/((-3)/(-60)). Let p(t) = t**2 - 4*t. Give p(i).
5
Let c(d) be the second derivative of d**5/10 - d**3/3 + d**2/2 - d. Suppose 20*v = 25*v - 5. Calculate c(v).
1
Let v(c) = -4 + 3*c + 2 - 4*c. Let b(p) = -p - 3. Let h(w) = 3*b(w) - 5*v(w). Let n(u) = u**2 + 4*u - 4. Let o be n(-5). What is h(o)?
3
Let w = 7 + -5. Let c(d) be the first derivative of -3*d + 0*d**2 - d - 2*d**2 - w. What is c(-3)?
8
Let c(n) = -n**2 + 6*n + 1. Suppose -5*p = -q - 40, -3*q = 4*p - 5*q - 38. Give c(p).
-6
Suppose -2*a + 4*l + 2 = 0, 4*l = 2*a + 3*l - 14. Let u(y) = y + 3. Determine u(a).
12
Let z = 1 - 7. Let x(k) = 3 + 3*k - 5*k + 3 - k**2 - 3*k. Calculate x(z).
0
Let g(h) = -7*h - 3. Let c(o) = -o + 1. Suppose 0 = 2*t - 3*t - 1. Let i(r) = t*g(r) + 2*c(r). Let n(w) = 9*w + 9. Let v(s) = -7*i(s) + 4*n(s). What is v(-1)?
0
Let n(q) = q - 12. Let o(m) = -m - 14. Let s(b) = 4*b + 42. Let i(j) = -7*o(j) - 2*s(j). Let f be i(9). Determine n(f).
-7
Let w(o) be the first derivative of o**3/3 + o**2/2 + 13*o + 2. Let p be 3 + 6/(-3 + 1). Give w(p).
13
Suppose 2*i + u = -u + 2, i + 4*u = 1. Let r(y) be the second derivative of -3*y**5/20 + y**4/12 - y**3/3 + y**2/2 - y. What is r(i)?
-3
Let k(o) = -o + 5. Let a be -1 + -2*(-6)/2. Let t(v) = v**2 - 4*v - 4. Let p be t(a). Suppose r - 16 = -4*d, -p - 4 = 3*d + 5*r. What is k(d)?
0
Let c be (6/(-15)*(1 + 9))/(-2). Let x(v) = 2*v**3 + v**2 - 4*v + 3. Give x(c).
15
Let t(o) = -12 + 0*o + 6 + o**3 - o + 2*o - 5*o**2. Give t(5).
-1
Suppose 0 = 3*b + o + 10, -5 = 5*b - 3*o + 7. Let g be b*(5/3 + 0). Let y(f) be the second derivative of f**4/12 + f**3 + f**2 + f. Give y(g).
-3
Let l(o) = -5*o + 2 - 3 + 7 + o + o**2. What is l(4)?
6
Let y(g) be the second derivative of -g**6/720 - 11*g**5/120 + g**4/4 + 4*g. Let j(x) be the third derivative of y(x). Give j(-5).
-6
Let r(p) be the second derivative of -p**4/6 - p**3/6 + p**2/2 - 14*p. What is r(-3)?
-14
Let h be 1/(1/(4 - 1)). Suppose 0 = -h*j - 2*j - 30. Let d be (1 - 3)*j/(-4). Let n(x) = -x - 4. What is n(d)?
-1
Let c(y) = 14*y**2 + 2*y + 1. Suppose 5*w - 2*s = -3*s + 49, 0 = -5*s - 5. Let k = 9 - w. What is c(k)?
13
Suppose -6 = 2*d - 0. Let u(f) = -9*f + 4. Let l(m) = 4*m - 1. Let z(p) = -3*l(p) - u(p). What is z(d)?
8
Let j(o) = -o + 7. Let y(q) = q - 6. Suppose -z + 1 = -2. Let m(b) = z*j(b) + 4*y(b). Give m(3).
0
Let x(n) = n + 4. Let s(m) = 2*m - 2. Let o be s(4). What is x(o)?
10
Let d(u) = u**2 + u**3 - u - 2 + 2*u - 4*u. Determine d(-3).
-11
Let f(z) be the third derivative of z**5/20 + z**3/6 + 26*z**2. Give f(-1).
4
Let t(a) = -7*a**2 - a - 1. Let n(j) = -1. Let d(v) = -2*n(v) + t(v). Calculate d(1).
-7
Suppose -2 = -0*b - 2*b. Suppose s - b = 1. Let r(u) = 2*u**s + 1 - 5*u + 8*u - 3*u**2. What is r(4)?
-3
Let t(f) = 4*f - 5*f + 0 - 2. Let k = 27 + -17. Suppose -4*x - k = x. Calculate t(x).
0
Suppose 2*z - 63 + 59 = 0. Let r(f) = 9*f - 2. Let x(v) = 10*v - 2. Let y(m) = -6*r(m) + 5*x(m). Determine y(z).
-6
Let o(p) = -p**2 + 9*p - 9. Let k be 7/5*(-3 - -8). Determine o(k).
5
Suppose 0*f - 3 = -3*f. Let o(b) = 0*b - f - b + 0 + 2*b**2 - b. Give o(-1).
3
Let u = 27 + -22. Let g(z) = 1. Let p(y) = y**2 - 5*y - 2. Let d(h) = 4*g(h) + p(h). Calculate d(u).
2
Let k(c) = 2*c + 14. Let h be k(-6). Let t(a) be the second derivative of a**4/12 - a**3 + 3*a**2/2 - a. Determine t(h).
-5
Suppose 40 = -5*n - 4*c, -2*c = -5*n + 2*c - 40. Let z(a) = -a**2 - 6*a + 11. Calculate z(n).
-5
Let a(v) be the first derivative of -3*v**2/2 + 3*v + 1. Let s be (8 - -1)/(1 - 0). Let z(r) = r**3 - 10*r**2 + 8*r + 12. Let d be z(s). Determine a(d).
-6
Let g(q) = q**2 - 6*q + 7. Let v be g(5). Let h(l) = l**3 - 2*l**2 - 2*l. What is h(v)?
-4
Let v(q) be the third derivative of -q**4/24 - q**3/6 + 39*q**2. Determine v(4).
-5
Let d(r) be the first derivative of -r**2 + 3 + 3*r + 1/3*r**3. Calculate d(3).
6
Let s(z) = z + 2. Let k(d) = -18*d - 22. Let t(g) = 2*k(g) + 22*s(g). Let u be -3*((-4)/2)/(-6). Determine t(u).
14
Let l(o) = -o - 2 - o**3 + 5 + 0*o + 3. What is l(0)?
6
Suppose 0 = -t - 4*t + 30. Let a be (18/t)/(3/(-4)). Let n(d) = -d - 2. Give n(a).
2
Let i = -2 - 0. Let d = i + 0. Let u(h) be the second derivative of 5*h**3/6 + h**2 - 5*h. Calculate u(d).
-8
Let v(c) = 3*c**3 - 4. Let b(y) = -4*y**3 + 3. Let f(o) = 4*b(o) + 3